s the units digit of h(s)?
5
Let p(a) = -a**2 + 10*a - 8. Let t be p(8). Let d = -3 + t. Suppose 9 = 3*x, 17 = d*h - 0*h - x. What is the units digit of h?
4
Let d = -31 + 31. Let w(l) = l**3 + 2*l**2 + 225. Let s be w(d). Suppose s = 4*k - 3*h, 3*k = -0*k + 5*h + 177. What is the tens digit of k?
5
Suppose -5*u + 10*u = 55. Let n = -8 + u. Let z(w) = 13*w - 2. What is the units digit of z(n)?
7
Let x be -1 + (10 - 0 - -4). Let q(g) = -g**2 + 16*g + 31. What is the tens digit of q(x)?
7
Let d = 8 + 2. Suppose -560 = d*a - 15*a. What is the tens digit of a?
1
Let g = -6510 - -10018. What is the units digit of g?
8
Let y(q) = 16*q - 6. Let w = -6 - -10. Let a be y(w). Let s = -36 + a. What is the units digit of s?
2
Suppose 25 = -2*c - 5. Let y = 19 + c. Suppose 0*s = -s + 5*l + 6, y*l + 88 = 4*s. What is the units digit of s?
6
Let z(f) be the third derivative of f**5/12 + f**4/24 - f**3/3 + 7*f**2. Let t = -3 + 1. What is the units digit of z(t)?
6
Suppose c - 12 = -4. Let l(f) = -f**3 + 8*f**2 + f - 8. Let a be l(c). Suppose 3*x - 2*x - 36 = a. What is the tens digit of x?
3
Let y be 1 + 1/((-1)/6). Suppose -15*a = -22*a + 70. Let c = y + a. What is the units digit of c?
5
Let b = 516 + -138. What is the units digit of b?
8
Suppose 2*b = -6*b + 32. Suppose 0 = -5*p + b*p + 71. What is the tens digit of p?
7
Let p(d) = 3*d - 13. Let t be p(7). What is the tens digit of (108/t)/(-9) - (-374)/4?
9
Let p be (32/12)/((-2)/72). Let d be ((-3)/(-4))/(2/p). What is the units digit of (-30)/(-8) - 9/d?
4
Suppose -4*v + 5*h = 0, 4*v = -3*h - 0*h + 32. Suppose -6*f = -4*r - v*f + 136, 5*f - 55 = -r. What is the tens digit of r?
3
Let t = -9 + 12. Suppose 20 = 4*u, -l - 17 = t*l - 5*u. Let k = 4 - l. What is the units digit of k?
2
Let o(c) = -3*c**3 - 10*c**3 + 14*c**3 + c + 6 - 11*c**2. What is the units digit of o(11)?
7
Let j(g) = -g**2 + 5*g - 12. Let d be j(5). Let p be d/30 + 158/(-5). Let n = p + 54. What is the tens digit of n?
2
Let p = -886 + 1423. What is the tens digit of p?
3
Let c = 75 - -183. What is the tens digit of c?
5
Suppose -48457 + 16139 = -13*u. What is the units digit of u?
6
Let n(h) = 0 + 5 - 14*h**3 + h**2 - 12*h**3 + 31*h**3 - 6*h. What is the hundreds digit of n(3)?
1
Suppose 198 = -4*h + 13*h. What is the tens digit of h?
2
Let x(p) = p**3 + 7*p**2 + 2*p - 6. Suppose 0 = -3*m - 11 - 31. Let s be (-80)/14 - m/(-49). What is the units digit of x(s)?
8
Let s(y) be the third derivative of y**4/3 - 7*y**3/3 + 16*y**2. What is the units digit of s(8)?
0
Suppose 58604 = 38*l - 10*l. What is the tens digit of l?
9
Let d(h) = 8*h. Let r = -5 - -9. Let i be d(r). Suppose 0 = s + 3*s - i. What is the units digit of s?
8
Suppose 30 = -3*x - 0. Let r(g) be the first derivative of -3*g**2/2 - 8*g - 5. What is the units digit of r(x)?
2
Let h = 264 + -124. Suppose -15*z + h = -10*z. Suppose -2*j + d - z = -114, -2*j = -5*d - 102. What is the units digit of j?
1
What is the tens digit of 3245 + (-6)/(-15)*(-13 - 2)?
3
What is the tens digit of (15099/(-28))/(4/(-64)*4)?
5
Suppose 2*w - 10469 = -17*w. What is the tens digit of w?
5
Suppose 6 = 4*m - 18. What is the tens digit of 8/12 + -838*(-2)/m?
8
Suppose 65*l - 64*l + 1166 = 0. What is the hundreds digit of (-2)/2*l/11?
1
Let s be (-21)/(-3) + 7 + -4. Let m(n) = -n**2 + 11*n + 11. Let f be m(s). What is the units digit of (1*3)/(7/f)?
9
Let s(t) = 6*t - 3. Let j be (-2)/(-4)*(7 - 11). Let u be s(j). Let f = 4 - u. What is the tens digit of f?
1
Let c be 14/3*12/8. Let r(m) = 23*m + 9. What is the hundreds digit of r(c)?
1
Let m(z) = -z - 9. Let q be m(-12). Suppose 0 = -2*n - 4 - 6, k = q*n + 32. Suppose k = b - 11. What is the units digit of b?
8
Let c(g) = 4*g**2 - g - 13. Let b be c(-3). Let w = -26 + b. Suppose w*n + 2*n = 102. What is the tens digit of n?
5
Suppose -5*f + 107 = 17. Suppose -f = -3*u - 4*r, 2*r - 2 = -u + 6. Suppose 5*h - 5*b - 195 = 0, -154 = -2*h - 2*h + u*b. What is the tens digit of h?
3
Let u = 1293 - 746. What is the tens digit of u?
4
Let i = 498 - 192. What is the tens digit of i?
0
Let p = -57 + 61. Suppose 2*w = 5*s - 391, -p*w = 2*s + w - 168. What is the units digit of s?
9
Suppose -45*z + 183805 + 50645 = 0. What is the hundreds digit of z?
2
Let a(c) = -c + 14. Let o be -14*((-9)/(-3) + -4). Let r be a(o). Suppose r = 4*i + 3*s - 18, -3*i - 2*s + 16 = i. What is the units digit of i?
3
Let h(f) = 72*f**2 + 4*f + 3. What is the units digit of h(-1)?
1
Let v(q) = 77*q**2 - 9*q - 46. What is the units digit of v(-3)?
4
Let x be (-402)/(-7) + (-36)/84. Suppose -4 + 0 = -d. Suppose 13 - x = -d*y. What is the units digit of y?
1
Suppose x - 88 = 22. Suppose 2*k = -8*k + x. What is the tens digit of k?
1
Let s(z) = -23*z + 345. What is the tens digit of s(11)?
9
Let c(x) = x**3 + 7*x**2 - 9*x - 4. Let r be c(-8). Suppose -636 = -3*i - r*b, -b = -8*i + 4*i + 848. What is the units digit of i?
2
What is the hundreds digit of (1*-29)/(-3*(-10)/(-570))?
5
Suppose 5*m - 13 = 12, 3*k = 4*m - 11. Suppose 6*r - 1590 = -9*r. Suppose -o = k*n - r, -5*n + 3*o + 0*o = -186. What is the units digit of n?
6
Suppose -n - 4 = 2*g, 2*g + 5 + 1 = -2*n. Let h(w) = -2*w + 2. Let r be h(g). Suppose v = -r*v + 170. What is the units digit of v?
4
Suppose -4*y = -3*h + 1124 - 4876, 0 = -3*y - 4*h + 2814. What is the units digit of y?
8
Let f = 1299 + -693. What is the units digit of f?
6
Suppose 6019 = 35*s - 21281. What is the hundreds digit of s?
7
Suppose r - 2*r - 6 = 0. What is the tens digit of 1 + (68 - (2 + r))?
7
Suppose -31431 = -36*n + 18321. What is the hundreds digit of n?
3
Suppose -59 - 46 = 7*k. Let t = k + 18. Suppose -2*u + t = -2*j - 11, -u + 6 = -2*j. What is the units digit of u?
8
Suppose -2*h + 69 = 4*r + 3*h, 2*h = 5*r - 111. Let b = r - 19. What is the units digit of b?
2
Let t be (-6)/2*(-470)/6. Let z = -152 + t. What is the units digit of z?
3
Let q(w) = -3*w - 19. Let a be q(-8). Suppose -30 = -2*l - a*n + 3*n, -l - 2*n = -20. Suppose 0 = -7*x + l*x - 63. What is the units digit of x?
1
Let p(m) = 1027*m - 19. What is the units digit of p(6)?
3
Let h(b) = -b**2 - 7*b + 21. Let s be h(-9). Suppose -2*x + w + 29 = 4*w, s*x - w = 16. Suppose -6*a - 26 = -x*a. What is the tens digit of a?
2
Suppose m = -3*f + 473, f + 9*m = 7*m + 166. What is the tens digit of f?
5
Suppose r + 0*r - 4 = 0. Suppose 0 = -3*n + q - 5*q + 342, 0 = 3*n - r*q - 318. What is the tens digit of n?
1
Let x(p) = 200*p**3 + p - 1. What is the hundreds digit of x(1)?
2
Suppose 4*f = 4*q + 9*f + 169, -q - 2*f = 46. Let a = 97 + q. What is the tens digit of a?
6
Suppose -2*z - 281 + 861 = 0. What is the tens digit of z?
9
Let k be 1 - (-176)/(-2) - 2. Let z = k + 128. Suppose -v + 4*v - z = 0. What is the units digit of v?
3
Let a(w) = w**2 + 3*w + 2. Let v be a(-4). Suppose 3*m - v*m - 4*y = -120, -5*y + 87 = 2*m. What is the tens digit of m?
3
Let j(a) = a**3 - 35*a**2 + 35*a + 69. What is the tens digit of j(35)?
9
Let k(f) = f + 4. Let w be k(4). Suppose 4 = 4*s - w. What is the units digit of 3 - (s - (4 - 2))?
2
Let i = 789 + 185. What is the tens digit of i?
7
Let p(o) = o - 3. Let s be p(9). Let n(r) be the third derivative of r**6/120 - r**5/10 + r**4/8 - 3*r**3/2 - 21*r**2. What is the units digit of n(s)?
9
Suppose 4*u = 4*j - 344, 3*u - 286 = -3*j - u. What is the tens digit of j?
9
Suppose 0 = -93*x + 96*x - 660. Suppose -4*w - x = -c - 3*c, 5*c - w - 291 = 0. What is the units digit of c?
9
Suppose -2*p + p = 4*j + 499, -4*p = -3*j - 379. Let f = 212 + j. What is the units digit of f?
7
Let b(g) be the third derivative of g**6/180 + g**5/20 + 5*g**3/6 - 6*g**2. Let u(a) be the first derivative of b(a). What is the tens digit of u(-5)?
2
Let s = -5912 - -10073. What is the tens digit of s?
6
Let x be 1 - -11 - (0 - 0). Let i be (-16)/12*-3 + (-5 - -3). Suppose x = i*c - 24. What is the tens digit of c?
1
Let p = 293 + -119. What is the tens digit of p?
7
Let o be 2 - -4 - (-6)/(-3). Suppose -o = -2*a - 0. Suppose a*u = 20 + 4. What is the units digit of u?
2
Suppose 0 = d + n + 8, -4 - 7 = d - 2*n. Let a = d - -46. What is the units digit of a?
7
Let q(d) = 30*d**3 + d**2 + d - 1. Let j = 27 - 26. What is the tens digit of q(j)?
3
Suppose r - x = 22, -5*x + 3 = -r + 17.